{"id":15515,"date":"2023-03-17T11:12:24","date_gmt":"2023-03-17T10:12:24","guid":{"rendered":"https:\/\/immformacion.com\/web\/aviso-legal-y-politica-privacidad-2\/"},"modified":"2025-01-14T16:27:01","modified_gmt":"2025-01-14T15:27:01","slug":"aviso-legal-y-politica-privacidad-2","status":"publish","type":"page","link":"https:\/\/immformacion.com\/web\/aviso-legal-y-politica-privacidad-2\/","title":{"rendered":"Portal de Transparencia"},"content":{"rendered":"\t\t<div data-elementor-type=\"wp-page\" data-elementor-id=\"15515\" class=\"elementor elementor-15515\">\n\t\t\t\t\t\t<section class=\"elementor-section elementor-top-section elementor-element elementor-element-b0db215 elementor-section-boxed elementor-section-height-default elementor-section-height-default\" data-id=\"b0db215\" data-element_type=\"section\" data-e-type=\"section\">\n\t\t\t\t\t\t<div class=\"elementor-container elementor-column-gap-default\">\n\t\t\t\t\t<div class=\"elementor-column elementor-col-100 elementor-top-column elementor-element elementor-element-80adbe2\" data-id=\"80adbe2\" data-element_type=\"column\" data-e-type=\"column\">\n\t\t\t<div class=\"elementor-widget-wrap elementor-element-populated\">\n\t\t\t\t\t\t<div class=\"elementor-element elementor-element-c7dce17 elementor-widget elementor-widget-heading\" data-id=\"c7dce17\" data-element_type=\"widget\" data-e-type=\"widget\" data-widget_type=\"heading.default\">\n\t\t\t\t<div class=\"elementor-widget-container\">\n\t\t\t\t\t<h2 class=\"elementor-heading-title elementor-size-default\">Portal de Transparencia       (en proceso de actualizaci\u00f3n Enero 2025)<\/h2>\t\t\t\t<\/div>\n\t\t\t\t<\/div>\n\t\t\t\t\t<\/div>\n\t\t<\/div>\n\t\t\t\t\t<\/div>\n\t\t<\/section>\n\t\t\t\t<section class=\"elementor-section elementor-top-section elementor-element elementor-element-e3759bb elementor-section-boxed elementor-section-height-default elementor-section-height-default\" data-id=\"e3759bb\" data-element_type=\"section\" data-e-type=\"section\">\n\t\t\t\t\t\t<div class=\"elementor-container elementor-column-gap-default\">\n\t\t\t\t\t<div class=\"elementor-column elementor-col-100 elementor-top-column elementor-element elementor-element-d19348c\" data-id=\"d19348c\" data-element_type=\"column\" data-e-type=\"column\">\n\t\t\t<div class=\"elementor-widget-wrap elementor-element-populated\">\n\t\t\t\t\t\t<div class=\"elementor-element elementor-element-3a0eba9 elementor-widget elementor-widget-text-editor\" data-id=\"3a0eba9\" data-element_type=\"widget\" data-e-type=\"widget\" data-widget_type=\"text-editor.default\">\n\t\t\t\t<div class=\"elementor-widget-container\">\n\t\t\t\t\t\t\t\t\t<p><span style=\"font-style: normal; font-variant-ligatures: normal; font-variant-caps: normal; font-weight: 400; color: #666666; font-family: Rubik; font-size: 16px;\">A trav\u00e9s de este apartado damos cumplimiento, como otros sujetos obligados, \u00a0a lo estipulado en el art\u00edculo 5.2 de la\u00a0<\/span><strong style=\"font-style: normal; font-variant-ligatures: normal; font-variant-caps: normal; color: #666666; font-family: Rubik; font-size: 16px;\">Ley de Cantabria 1\/2018 de 21 de marzo de Transparencia de la Actividad P\u00fablica<\/strong><span style=\"font-style: normal; font-variant-ligatures: normal; font-variant-caps: normal; font-weight: 400; color: #666666; font-family: Rubik; font-size: 16px;\">\u00a0que tiene como objeto regular la transparencia de la actividad p\u00fablica en Cantabria en su doble vertiente de publicidad activa y de derecho de acceso a la informaci\u00f3n p\u00fablica por parte de todos los ciudadanos, as\u00ed como la reutilizaci\u00f3n de \u00e9sta, siendo un instrumento para facilitar el conocimiento por la ciudadan\u00eda de la actividad p\u00fablica tanto de las entidades p\u00fablicas como de las privadas con financiaci\u00f3n o participaci\u00f3n p\u00fablica.<\/span><\/p>\t\t\t\t\t\t\t\t<\/div>\n\t\t\t\t<\/div>\n\t\t\t\t\t<\/div>\n\t\t<\/div>\n\t\t\t\t\t<\/div>\n\t\t<\/section>\n\t\t\t\t<section class=\"elementor-section elementor-top-section elementor-element elementor-element-c877853 elementor-section-boxed elementor-section-height-default elementor-section-height-default\" data-id=\"c877853\" data-element_type=\"section\" data-e-type=\"section\">\n\t\t\t\t\t\t<div class=\"elementor-container elementor-column-gap-default\">\n\t\t\t\t\t<div class=\"elementor-column elementor-col-100 elementor-top-column elementor-element elementor-element-e26879d\" data-id=\"e26879d\" data-element_type=\"column\" data-e-type=\"column\">\n\t\t\t<div class=\"elementor-widget-wrap elementor-element-populated\">\n\t\t\t\t\t\t<div class=\"elementor-element elementor-element-d360b1d elementor-widget elementor-widget-text-editor\" data-id=\"d360b1d\" data-element_type=\"widget\" data-e-type=\"widget\" data-widget_type=\"text-editor.default\">\n\t\t\t\t<div class=\"elementor-widget-container\">\n\t\t\t\t\t\t\t\t\t<table style=\"border-collapse: collapse; width: 85.2938%; height: 244px;\"><tbody><tr style=\"height: 27px;\"><td style=\"width: 24.6666%; height: 27px;\">\u00a0<span style=\"color: #666666; font-family: Rubik; font-size: 14px; font-style: normal; font-variant-ligatures: normal; font-variant-caps: normal; font-weight: bold; text-align: center;\">ENTIDAD CONCEDENTE<\/span><\/td><td style=\"width: 56.0001%; height: 27px;\">\u00a0<span style=\"color: #666666; font-family: Rubik; font-size: 14px; font-style: normal; font-variant-ligatures: normal; font-variant-caps: normal; font-weight: bold; text-align: center;\">FINALIDAD PARA LA QUE SE CONCEDE<\/span><\/td><td style=\"width: 6.3333%; height: 27px;\">\u00a0<span style=\"color: #666666; font-family: Rubik; font-size: 14px; font-style: normal; font-variant-ligatures: normal; font-variant-caps: normal; font-weight: bold; text-align: center;\">A\u00d1O<\/span><\/td><td style=\"width: 13%; height: 27px;\">\u00a0<span style=\"color: #666666; font-family: Rubik; font-size: 14px; font-style: normal; font-variant-ligatures: normal; font-variant-caps: normal; font-weight: bold; text-align: center;\">IMPORTE<\/span><\/td><\/tr><tr style=\"height: 24px;\"><td style=\"width: 24.6666%; height: 24px;\">\u00a0<span style=\"color: #666666; font-family: Rubik; font-size: 14px; font-style: normal; font-variant-ligatures: normal; font-variant-caps: normal; font-weight: 400; text-align: center;\">Servicio C\u00e1ntabro\u00a0<\/span><span style=\"color: #666666; font-family: Rubik; font-size: 14px; font-style: normal; font-variant-ligatures: normal; font-variant-caps: normal; font-weight: 400; text-align: center;\">de Empleo<\/span><\/td><td style=\"width: 56.0001%; height: 24px;\"><span style=\"color: #666666; font-family: Rubik; font-size: 14px; font-style: normal; font-variant-ligatures: normal; font-variant-caps: normal; font-weight: 400; text-align: center;\">Subvenciones destinadas al desarrollo de\u00a0<\/span><span style=\"color: #666666; font-family: Rubik; font-size: 14px; font-style: normal; font-variant-ligatures: normal; font-variant-caps: normal; font-weight: 400; text-align: center;\">programaci\u00f3n de acciones formativas dirigidas a\u00a0<\/span><span style=\"color: #666666; font-family: Rubik; font-size: 14px; font-style: normal; font-variant-ligatures: normal; font-variant-caps: normal; font-weight: 400; text-align: center;\">personas trabajadoras desempleadas<\/span><\/td><td style=\"width: 6.3333%; height: 24px;\">\u00a0<span style=\"color: #666666; font-family: Rubik; font-size: 14px; font-style: normal; font-variant-ligatures: normal; font-variant-caps: normal; font-weight: 400; text-align: center;\">2024<\/span><\/td><td style=\"width: 13%; height: 24px;\">\u00a0<\/td><\/tr><tr style=\"height: 24px;\"><td style=\"width: 24.6666%; height: 24px;\">\u00a0<span style=\"font-variant-ligatures: normal; font-variant-caps: normal; font-family: Rubik; font-size: 14px; font-style: normal; font-weight: 400; color: #666666; text-align: center;\">Servicio C\u00e1ntabro\u00a0<\/span><span style=\"font-variant-ligatures: normal; font-variant-caps: normal; font-family: Rubik; font-size: 14px; font-style: normal; font-weight: 400; color: #666666; text-align: center;\">de Empleo<\/span><\/td><td style=\"width: 56.0001%; height: 24px;\">\u00a0<span style=\"color: #666666; font-family: Rubik; font-size: 14px; font-style: normal; font-variant-ligatures: normal; font-variant-caps: normal; font-weight: 400; text-align: center;\">Subvenciones destinadas al desarrollo\u00a0<\/span><span style=\"color: #666666; font-family: Rubik; font-size: 14px; font-style: normal; font-variant-ligatures: normal; font-variant-caps: normal; font-weight: 400; text-align: center;\">de programas de formaci\u00f3n, dentro de la iniciativa\u00a0<\/span><span style=\"color: #666666; font-family: Rubik; font-size: 14px; font-style: normal; font-variant-ligatures: normal; font-variant-caps: normal; font-weight: 400; text-align: center;\">de oferta formativa del Servicio C\u00e1ntabro de Empleo\u00a0<\/span><span style=\"color: #666666; font-family: Rubik; font-size: 14px; font-style: normal; font-variant-ligatures: normal; font-variant-caps: normal; font-weight: 400; text-align: center;\">para personas trabajadoras ocupadas.<\/span><\/td><td style=\"width: 6.3333%; height: 24px;\">\u00a0<span style=\"color: #666666; font-family: Rubik; font-size: 14px; font-style: normal; font-variant-ligatures: normal; font-variant-caps: normal; font-weight: 400; text-align: center;\">2024<\/span><\/td><td style=\"width: 13%; height: 24px;\">\u00a0<\/td><\/tr><\/tbody><\/table>\t\t\t\t\t\t\t\t<\/div>\n\t\t\t\t<\/div>\n\t\t\t\t\t<\/div>\n\t\t<\/div>\n\t\t\t\t\t<\/div>\n\t\t<\/section>\n\t\t\t\t<section class=\"elementor-section elementor-top-section elementor-element elementor-element-b8f38db elementor-section-boxed elementor-section-height-default elementor-section-height-default\" data-id=\"b8f38db\" data-element_type=\"section\" data-e-type=\"section\">\n\t\t\t\t\t\t<div class=\"elementor-container elementor-column-gap-default\">\n\t\t\t\t\t<div class=\"elementor-column elementor-col-100 elementor-top-column elementor-element elementor-element-f3fa378\" data-id=\"f3fa378\" data-element_type=\"column\" data-e-type=\"column\">\n\t\t\t<div class=\"elementor-widget-wrap elementor-element-populated\">\n\t\t\t\t\t\t<div class=\"elementor-element elementor-element-719d716 elementor-widget elementor-widget-heading\" data-id=\"719d716\" data-element_type=\"widget\" data-e-type=\"widget\" data-widget_type=\"heading.default\">\n\t\t\t\t<div class=\"elementor-widget-container\">\n\t\t\t\t\t<h6 class=\"elementor-heading-title elementor-size-default\">Isabel Mu\u00f1oz Mat\u00e9 (Administradora de la sociedad)<\/h6>\t\t\t\t<\/div>\n\t\t\t\t<\/div>\n\t\t\t\t\t<\/div>\n\t\t<\/div>\n\t\t\t\t\t<\/div>\n\t\t<\/section>\n\t\t\t\t<section class=\"elementor-section elementor-top-section elementor-element elementor-element-61baa24 elementor-section-boxed elementor-section-height-default elementor-section-height-default\" data-id=\"61baa24\" data-element_type=\"section\" data-e-type=\"section\">\n\t\t\t\t\t\t<div class=\"elementor-container elementor-column-gap-default\">\n\t\t\t\t\t<div class=\"elementor-column elementor-col-100 elementor-top-column elementor-element elementor-element-e9eeac3\" data-id=\"e9eeac3\" data-element_type=\"column\" data-e-type=\"column\">\n\t\t\t<div class=\"elementor-widget-wrap elementor-element-populated\">\n\t\t\t\t\t\t<div class=\"elementor-element elementor-element-899d820 elementor-widget elementor-widget-text-editor\" data-id=\"899d820\" data-element_type=\"widget\" data-e-type=\"widget\" data-widget_type=\"text-editor.default\">\n\t\t\t\t<div class=\"elementor-widget-container\">\n\t\t\t\t\t\t\t\t\t<table style=\"border-collapse: collapse; width: 23.9496%; height: 101px;\"><tbody><tr><td style=\"width: 6.53595%; text-align: center;\">\u00a0<span style=\"color: #666666; font-family: Rubik; font-size: 14px; font-style: normal; font-variant-ligatures: normal; font-variant-caps: normal; font-weight: bold; text-align: center;\">A\u00d1O<\/span><\/td><td style=\"width: 1.86741%; text-align: center;\">\u00a0<span style=\"font-family: Roboto, sans-serif; font-size: 15px; font-style: normal; font-variant-ligatures: normal; font-variant-caps: normal; font-weight: 400;\">\u00a0<\/span><span style=\"font-variant-ligatures: normal; font-variant-caps: normal; font-family: Rubik; font-size: 14px; font-style: normal; font-weight: bold; color: #666666; text-align: center;\">IMPORTE<\/span><\/td><\/tr><tr><td style=\"width: 6.53595%; text-align: center;\">\u00a0<span style=\"color: #666666; font-family: Rubik; font-size: 14px; font-style: normal; font-variant-ligatures: normal; font-variant-caps: normal; font-weight: 400; text-align: center;\">2024<\/span><\/td><td style=\"width: 1.86741%; text-align: center;\">\u00a0<\/td><\/tr><tr><td style=\"width: 6.53595%; text-align: center;\">\u00a0<span style=\"color: #666666; font-family: Rubik; font-size: 14px; font-style: normal; font-variant-ligatures: normal; font-variant-caps: normal; font-weight: 400; text-align: center;\">2023<\/span><\/td><td style=\"width: 1.86741%; text-align: center;\">\u00a0<\/td><\/tr><tr><td style=\"width: 6.53595%; text-align: center;\">\u00a0<span style=\"color: #666666; font-family: Rubik; font-size: 14px; font-style: normal; font-variant-ligatures: normal; font-variant-caps: normal; font-weight: 400; text-align: center;\">2022<\/span><\/td><td style=\"width: 1.86741%; text-align: center;\">\u00a0<\/td><\/tr><tr><td style=\"width: 6.53595%; text-align: center;\">\u00a0<span style=\"color: #666666; font-family: Rubik; font-size: 14px; font-style: normal; font-variant-ligatures: normal; font-variant-caps: normal; font-weight: 400; text-align: center;\">2021<\/span><\/td><td style=\"width: 1.86741%; text-align: center;\">\u00a0<\/td><\/tr><\/tbody><\/table>\t\t\t\t\t\t\t\t<\/div>\n\t\t\t\t<\/div>\n\t\t\t\t\t<\/div>\n\t\t<\/div>\n\t\t\t\t\t<\/div>\n\t\t<\/section>\n\t\t\t\t<\/div>\n\t\t","protected":false},"excerpt":{"rendered":"<p>Portal de Transparencia (en proceso de actualizaci\u00f3n Enero 2025) A trav\u00e9s de este apartado damos cumplimiento, como otros sujetos obligados,<\/p>\n","protected":false},"author":1,"featured_media":0,"parent":0,"menu_order":0,"comment_status":"closed","ping_status":"closed","template":"","meta":{"_uag_custom_page_level_css":"","_monsterinsights_skip_tracking":false,"_monsterinsights_sitenote_active":false,"_monsterinsights_sitenote_note":"","_monsterinsights_sitenote_category":0,"footnotes":""},"class_list":["post-15515","page","type-page","status-publish","hentry"],"aioseo_notices":[],"uagb_featured_image_src":{"full":false,"thumbnail":false,"medium":false,"medium_large":false,"large":false,"1536x1536":false,"2048x2048":false,"ample-featured-blog-large":false,"ample-featured-blog-small":false,"ample-portfolio-image":false,"sendpress-max":false,"woocommerce_thumbnail":false,"woocommerce_single":false,"woocommerce_gallery_thumbnail":false},"uagb_author_info":{"display_name":"IMM","author_link":"https:\/\/immformacion.com\/web\/author\/imm_admin\/"},"uagb_comment_info":0,"uagb_excerpt":"Portal de Transparencia (en proceso de actualizaci\u00f3n Enero 2025) A trav\u00e9s de este apartado damos cumplimiento, como otros sujetos obligados,","_links":{"self":[{"href":"https:\/\/immformacion.com\/web\/wp-json\/wp\/v2\/pages\/15515","targetHints":{"allow":["GET"]}}],"collection":[{"href":"https:\/\/immformacion.com\/web\/wp-json\/wp\/v2\/pages"}],"about":[{"href":"https:\/\/immformacion.com\/web\/wp-json\/wp\/v2\/types\/page"}],"author":[{"embeddable":true,"href":"https:\/\/immformacion.com\/web\/wp-json\/wp\/v2\/users\/1"}],"replies":[{"embeddable":true,"href":"https:\/\/immformacion.com\/web\/wp-json\/wp\/v2\/comments?post=15515"}],"version-history":[{"count":37,"href":"https:\/\/immformacion.com\/web\/wp-json\/wp\/v2\/pages\/15515\/revisions"}],"predecessor-version":[{"id":15735,"href":"https:\/\/immformacion.com\/web\/wp-json\/wp\/v2\/pages\/15515\/revisions\/15735"}],"wp:attachment":[{"href":"https:\/\/immformacion.com\/web\/wp-json\/wp\/v2\/media?parent=15515"}],"curies":[{"name":"wp","href":"https:\/\/api.w.org\/{rel}","templated":true}]}}