{"id":6538,"date":"2014-02-15T18:43:54","date_gmt":"2014-02-15T17:43:54","guid":{"rendered":"http:\/\/immformacion.com\/web\/?page_id=6538"},"modified":"2014-03-10T10:54:24","modified_gmt":"2014-03-10T09:54:24","slug":"6538-2","status":"publish","type":"page","link":"https:\/\/immformacion.com\/web\/6538-2\/","title":{"rendered":"Fundamentos de instalaciones t\u00e9rmicas en los edificios"},"content":{"rendered":"<table border=\"0\">\n<tbody>\n<tr>\n<td><a href=\"http:\/\/immformacion.com\/web\/wp-content\/uploads\/2014\/02\/b1c7c2dccb55d45011acd95d2218dd51.jpg\"><img fetchpriority=\"high\" decoding=\"async\" class=\"alignnone  wp-image-6566\" style=\"margin: 10px;\" alt=\"Web_Instalaciones-t\u00e9rmicas\" src=\"http:\/\/immformacion.com\/web\/wp-content\/uploads\/2014\/02\/b1c7c2dccb55d45011acd95d2218dd51.jpg\" width=\"367\" height=\"544\" srcset=\"https:\/\/immformacion.com\/web\/wp-content\/uploads\/2014\/02\/b1c7c2dccb55d45011acd95d2218dd51.jpg 1249w, https:\/\/immformacion.com\/web\/wp-content\/uploads\/2014\/02\/b1c7c2dccb55d45011acd95d2218dd51-202x300.jpg 202w, https:\/\/immformacion.com\/web\/wp-content\/uploads\/2014\/02\/b1c7c2dccb55d45011acd95d2218dd51-691x1024.jpg 691w, https:\/\/immformacion.com\/web\/wp-content\/uploads\/2014\/02\/b1c7c2dccb55d45011acd95d2218dd51-405x600.jpg 405w\" sizes=\"(max-width: 367px) 100vw, 367px\" \/><\/a><\/td>\n<td style=\"text-align: justify;\">\n<p style=\"text-align: center;\"><span style=\"font-size: medium;\"><strong>ANTECEDENTES Y OBJETIVO<\/strong><\/span><\/p>\n<p><span style=\"font-size: small;\">En las obras de edificaci\u00f3n residencial y terciaria, las instalaciones energ\u00e9ticas suelen conformar cap\u00edtulos presupuestarios independientes.<\/span><\/p>\n<p><span style=\"font-size: small;\">Los contratistas suelen ser diferentes de los de construcci\u00f3n, y el conocimiento por parte del jefe de obra de los materiales suele ser incompleto.<\/span><\/p>\n<p><span style=\"font-size: small;\">Sin embargo, son cap\u00edtulos de gran importancia presupuestaria y funcional.<\/span><\/p>\n<p><span style=\"font-size: small;\">El jefe de obra tiene que recepcionar los materiales conforme a las unidades de obra presupuestadas, identificarlos,\u00a0 ponerlos en obra, y en ocasiones no existe un conocimiento adecuado sobre la naturaleza de tales materiales o instalaciones.<\/span><\/p>\n<p><span style=\"font-size: small;\">El objetivo del presente curso de fundamentos de instalaciones t\u00e9rmicas de los edificios es dotar al colegiado de los conocimientos necesarios para ejercer sus funciones en la edificaci\u00f3n, ya como jefe de obra, coordinador de seguridad o director de obra, en el campo de las instalaciones t\u00e9rmicas. El c\u00e1lculo de las instalaciones constituye un temario diferente, que no se plantea en el presente curso por su duraci\u00f3n ajustada a los objetivos seleccionados.<\/span><\/p>\n<p><span style=\"font-size: small;\">Al finalizar el curso, el colegiado podr\u00e1 identificar en obra los materiales, analizar las alternativas propuestas por los agentes de la obra (Direcci\u00f3n de instalaciones, contratistas, promotores, propiedad,\u2026), seleccionar opciones, corregir defectos de montaje,\u2026 en fin: realizar el desempe\u00f1o de sus funciones en el campo de las instalaciones t\u00e9rmicas con la competencia precisa.<\/span><\/td>\n<\/tr>\n<tr>\n<td colspan=\"2\">\n<p style=\"text-align: center;\"><span style=\"font-size: medium;\"><strong>TEMARIO<\/strong><\/span><\/p>\n<p><span style=\"text-decoration: underline;\">Legislaci\u00f3n<\/span><\/p>\n<ul>\n<li>El C\u00f3digo t\u00e9cnico de la edificaci\u00f3n<\/li>\n<li>El Reglamento de Instalaciones t\u00e9rmicas de los edificios RITE<\/li>\n<li>Legislaci\u00f3n complementaria en instalaciones de climatizaci\u00f3n, salubridad de aire interior, higiene en el trabajo y limitaci\u00f3n de impacto ac\u00fastico en instalaciones t\u00e9rmicas.<\/li>\n<\/ul>\n<p><span style=\"text-decoration: underline;\">Sistemas de calefacci\u00f3n de edificios.<\/span><\/p>\n<ul>\n<li>Radiadores, sistemas de conexionado y accesorios de montaje y regulaci\u00f3n.<\/li>\n<li>Suelo radiante<\/li>\n<li>Calefacci\u00f3n por aire<\/li>\n<li>Calefacci\u00f3n por bomba de calor.<\/li>\n<\/ul>\n<p><span style=\"text-decoration: underline;\">Calderas, tipolog\u00eda, combustibles y componentes de una instalaci\u00f3n hidr\u00e1ulica de calefacci\u00f3n.<\/span><\/p>\n<ul>\n<li>Calderas atmosf\u00e9ricas, estancas y de condensaci\u00f3n<\/li>\n<li>Combustibles.<\/li>\n<li>Vasos de expansi\u00f3n<\/li>\n<li>Dep\u00f3sitos de acumulaci\u00f3n<\/li>\n<li>Intercambiadores de calor<\/li>\n<li>V\u00e1lvulas de seguridad<\/li>\n<li>Separadores de lodos y burbujas<\/li>\n<\/ul>\n<p><span style=\"text-decoration: underline;\">Hidr\u00e1ulica en calefacci\u00f3n. Regulaci\u00f3n y control de un sistema hidr\u00e1ulico, v\u00e1lvulas de 3 v\u00edas y regulaci\u00f3n de caudal.<\/span><\/p>\n<ul>\n<li>Circuitos tipo de climatizaci\u00f3n por agua caliente y producci\u00f3n de ACS<\/li>\n<li>Bombas circuladoras<\/li>\n<li>V\u00e1lvulas de regulaci\u00f3n de 3 v\u00edas<\/li>\n<li>V\u00e1lvulas de regulaci\u00f3n de caudal est\u00e1ticas y din\u00e1micas<\/li>\n<li>V\u00e1lvulas reguladoras de presi\u00f3n.<\/li>\n<li>V\u00e1lvulas termost\u00e1ticas.<\/li>\n<li>V\u00e1lvulas de zona<\/li>\n<\/ul>\n<p><span style=\"text-decoration: underline;\">La bomba de calor, funcionamiento y aplicaciones en climatizaci\u00f3n.<\/span><\/p>\n<ul>\n<li>Principio de funcionamiento del ciclo frigor\u00edfico<\/li>\n<li>Ciclos frigor\u00edficos reversibles, la v\u00e1lvula de 4 v\u00edas.<\/li>\n<li>Elementos de circuitos frigor\u00edficos<\/li>\n<\/ul>\n<p><span style=\"text-decoration: underline;\">Sistemas de climatizaci\u00f3n por agua<\/span><\/p>\n<ul>\n<li>Enfriadoras<\/li>\n<li>El tanque de inercia<\/li>\n<li>Elementos terminales de climatizaci\u00f3n<\/li>\n<\/ul>\n<p><span style=\"text-decoration: underline;\">Sistemas de climatizaci\u00f3n de expansi\u00f3n directa<\/span><\/p>\n<ul>\n<li>Unidades interiores y unidades exteriores<\/li>\n<li>Sistemas de 3 tubos<\/li>\n<\/ul>\n<p><span style=\"text-decoration: underline;\">Sistemas de climatizaci\u00f3n por aire<\/span><\/p>\n<ul>\n<li>Climatizadores<\/li>\n<li>Unidades de recuperaci\u00f3n<\/li>\n<li>Ventiladores<\/li>\n<li>Conductos<\/li>\n<li>Compuertas de regulaci\u00f3n<\/li>\n<li>Compuertas cortafuegos<\/li>\n<li>Elementos de difusi\u00f3n de aire<\/li>\n<li>Sistemas de climatizaci\u00f3n por difusi\u00f3n<\/li>\n<li>Sistemas de climatizaci\u00f3n por desplazamiento<\/li>\n<li>Sistemas de renovaci\u00f3n de aire en residencial, terciario e industrial. El CTE y condiciones m\u00ednimas de seguridad e higiene labora.<\/li>\n<\/ul>\n<p><span style=\"text-decoration: underline;\">Instalaciones solares<\/span><\/p>\n<ul>\n<li>Captadores solares planos<\/li>\n<li>Captadores solares de tubos de vac\u00edo<\/li>\n<li>Termosifones<\/li>\n<li>Diagrama de un sistema de captaci\u00f3n solar<\/li>\n<li>Disipadores de calor<\/li>\n<li>Principios de regulaci\u00f3n de sistemas de captaci\u00f3n solar<\/li>\n<li>Sistemas drain-back<\/li>\n<\/ul>\n<p><span style=\"text-decoration: underline;\">Tipos de tuber\u00edas y conductos de climatizaci\u00f3n<\/span><\/p>\n<ul>\n<li>Materiales, compatibilidades sanitarias y t\u00e9rmicas.<\/li>\n<li>Conductos de aire en climatizaci\u00f3n<\/li>\n<li>Aislantes<\/li>\n<li>Barrera de ox\u00edgeno<\/li>\n<li>Barrera de vapor<\/li>\n<li>Aditivos<\/li>\n<li>Dilatadores<\/li>\n<li>Soportes<\/li>\n<\/ul>\n<p><span style=\"text-decoration: underline;\">Elementos de control en climatizaci\u00f3n.<\/span><\/p>\n<ul>\n<li>Actuadores<\/li>\n<li>Sondas de temperatura<\/li>\n<li>Sondas de presi\u00f3n<\/li>\n<li>Presi\u00f3n diferencial, relativa y absoluta<\/li>\n<li>Flujostatos<\/li>\n<li>Sistemas modulares de control<\/li>\n<li>El uso del variador de velocidad en climatizaci\u00f3n.<\/li>\n<\/ul>\n<\/td>\n<\/tr>\n<\/tbody>\n<\/table>\n","protected":false},"excerpt":{"rendered":"<p>ANTECEDENTES Y OBJETIVO En las obras de edificaci\u00f3n residencial y terciaria, las instalaciones energ\u00e9ticas suelen conformar cap\u00edtulos presupuestarios independientes. Los<\/p>\n","protected":false},"author":1,"featured_media":0,"parent":0,"menu_order":0,"comment_status":"closed","ping_status":"open","template":"","meta":{"_uag_custom_page_level_css":"","_monsterinsights_skip_tracking":false,"_monsterinsights_sitenote_active":false,"_monsterinsights_sitenote_note":"","_monsterinsights_sitenote_category":0,"footnotes":""},"class_list":["post-6538","page","type-page","status-publish","hentry"],"aioseo_notices":[],"uagb_featured_image_src":{"full":false,"thumbnail":false,"medium":false,"medium_large":false,"large":false,"1536x1536":false,"2048x2048":false,"ample-featured-blog-large":false,"ample-featured-blog-small":false,"ample-portfolio-image":false,"sendpress-max":false,"woocommerce_thumbnail":false,"woocommerce_single":false,"woocommerce_gallery_thumbnail":false},"uagb_author_info":{"display_name":"IMM","author_link":"https:\/\/immformacion.com\/web\/author\/imm_admin\/"},"uagb_comment_info":0,"uagb_excerpt":"ANTECEDENTES Y OBJETIVO En las obras de edificaci\u00f3n residencial y terciaria, las instalaciones energ\u00e9ticas suelen conformar cap\u00edtulos presupuestarios independientes. Los","_links":{"self":[{"href":"https:\/\/immformacion.com\/web\/wp-json\/wp\/v2\/pages\/6538","targetHints":{"allow":["GET"]}}],"collection":[{"href":"https:\/\/immformacion.com\/web\/wp-json\/wp\/v2\/pages"}],"about":[{"href":"https:\/\/immformacion.com\/web\/wp-json\/wp\/v2\/types\/page"}],"author":[{"embeddable":true,"href":"https:\/\/immformacion.com\/web\/wp-json\/wp\/v2\/users\/1"}],"replies":[{"embeddable":true,"href":"https:\/\/immformacion.com\/web\/wp-json\/wp\/v2\/comments?post=6538"}],"version-history":[{"count":5,"href":"https:\/\/immformacion.com\/web\/wp-json\/wp\/v2\/pages\/6538\/revisions"}],"predecessor-version":[{"id":6542,"href":"https:\/\/immformacion.com\/web\/wp-json\/wp\/v2\/pages\/6538\/revisions\/6542"}],"wp:attachment":[{"href":"https:\/\/immformacion.com\/web\/wp-json\/wp\/v2\/media?parent=6538"}],"curies":[{"name":"wp","href":"https:\/\/api.w.org\/{rel}","templated":true}]}}