{"id":6959,"date":"2014-09-04T11:19:12","date_gmt":"2014-09-04T10:19:12","guid":{"rendered":"http:\/\/immformacion.com\/web\/?page_id=6959"},"modified":"2014-11-04T17:26:20","modified_gmt":"2014-11-04T16:26:20","slug":"innovacion-estrategica-competencia-directiva","status":"publish","type":"page","link":"https:\/\/immformacion.com\/web\/innovacion-estrategica-competencia-directiva\/","title":{"rendered":"Innovaci\u00f3n Estrat\u00e9gica. Competencia Directiva"},"content":{"rendered":"<p><img fetchpriority=\"high\" decoding=\"async\" class=\"aligncenter wp-image-7039 size-full\" src=\"http:\/\/immformacion.com\/web\/wp-content\/uploads\/2014\/09\/cabecera_innovacionEstrategica_immformacion_santander.png\" alt=\"cabecera_innovacionEstrategica_immformacion_santander\" width=\"814\" height=\"291\" srcset=\"https:\/\/immformacion.com\/web\/wp-content\/uploads\/2014\/09\/cabecera_innovacionEstrategica_immformacion_santander.png 814w, https:\/\/immformacion.com\/web\/wp-content\/uploads\/2014\/09\/cabecera_innovacionEstrategica_immformacion_santander-300x107.png 300w, https:\/\/immformacion.com\/web\/wp-content\/uploads\/2014\/09\/cabecera_innovacionEstrategica_immformacion_santander-600x214.png 600w\" sizes=\"(max-width: 814px) 100vw, 814px\" \/><\/p>\n<table class=\" aligncenter\" style=\"height: 198px; width: 617px;\" width=\"629\">\n<tbody>\n<tr>\n<td style=\"text-align: justify; font-size: 14px;\">El programa de\u00a0<strong>Desarrollo de la Competencia de Innovaci\u00f3n Estrat\u00e9gica en la empresa<\/strong>\u00a0ha sido dise\u00f1ado por IMM Formaci\u00f3n y Business Learning and Development Institute para dar respuesta a las necesidades de las empresas que buscan la manera de innovar para recuperar el crecimiento y la rentabilidad. Se trata de un programa de formaci\u00f3n con componentes te\u00f3ricos y pr\u00e1cticos que se desarrolla en 2 sesiones de 4 horas. Habitualmente se distribuyen en jornadas de trabajo de viernes tarde y s\u00e1bado ma\u00f1ana. La sesiones pueden distribuirse de manera diferente seg\u00fan la conveniencia de la empresa. Adem\u00e1s, se complementa con contenido y material en la plataforma de formaci\u00f3n, con trabajo asociado de 12 horas de duraci\u00f3n.<\/td>\n<\/tr>\n<\/tbody>\n<\/table>\n<table class=\" aligncenter\" style=\"width: 609px; height: 1318px; background: url('http:\/\/immformacion.com\/web\/wp-content\/uploads\/2014\/09\/dd6ef9b88f7636b067e1eab09969c1cf.png') 50% 100% no-repeat;\">\n<tbody>\n<tr>\n<td colspan=\"2\">\n<hr \/>\n<h3 style=\"padding-left: 30px;\"><\/h3>\n<h3 style=\"padding-left: 30px;\"><span style=\"color: #9d1730;\"><strong>Coordinador del Programa:<\/strong><\/span><\/h3>\n<p style=\"padding-left: 60px; font-size: 12px;\"><img decoding=\"async\" class=\"alignleft wp-image-6814\" style=\"border: 10px solid white;\" src=\"http:\/\/immformacion.com\/web\/wp-content\/uploads\/2014\/07\/franciscoguillen.jpg\" alt=\"franciscoguillen\" width=\"91\" height=\"126\" \/><\/p>\n<p style=\"font-size: 14px;\">La coordinaci\u00f3n del programa corre a cargo de Francisco J. Guill\u00e9n, profesor y consultor de Estrategia Empresarial y autor del <strong>Blog de Estrategia Empresarial de Paco Guill\u00e9n <\/strong>(m\u00e1s de 900 art\u00edculos sobre gesti\u00f3n, estrategia y modelos de negocio)<\/p>\n<\/td>\n<\/tr>\n<tr>\n<td style=\"width: 100px;\" colspan=\"2\">\n<hr \/>\n<\/td>\n<\/tr>\n<tr>\n<td style=\"width: 100px;\" colspan=\"2\">\n<h3 style=\"padding-left: 30px;\"><span style=\"color: #9d1730;\">\u00a0<strong>Objetivo del programa:<\/strong><\/span><\/h3>\n<p style=\"padding-left: 60px; font-size: 14px;\">Desarrollo de la Competencia de Innovaci\u00f3n Estrat\u00e9gica en los profesionales de la empresa.<\/p>\n<\/td>\n<\/tr>\n<tr>\n<td style=\"width: 100px;\" colspan=\"2\">\n<hr \/>\n<\/td>\n<\/tr>\n<tr>\n<td style=\"width: 100px;\" colspan=\"2\">\n<h3 style=\"padding-left: 30px;\">\u00a0<span style=\"color: #9d1730;\"><strong>Participantes:<\/strong><\/span><\/h3>\n<p style=\"padding-left: 60px; font-size: 14px;\">Profesionales y directivos de cualquier \u00e1rea de la empresa y de todo nivel de cualificaci\u00f3n.<\/p>\n<\/td>\n<\/tr>\n<tr>\n<td style=\"width: 100px;\" colspan=\"2\">\n<hr \/>\n<\/td>\n<\/tr>\n<tr>\n<td style=\"width: 100px;\" colspan=\"2\">\n<h3 style=\"padding-left: 30px;\"><span style=\"color: #9d1730;\"><strong>Contenido del Programa:<\/strong><\/span><\/h3>\n<p style=\"padding-left: 60px; font-size: 14px;\"><em>El Cambio y la Innovaci\u00f3n.<br \/>\n<\/em><em>La Innovaci\u00f3n Estrat\u00e9gica.<br \/>\n<\/em><em>Los Nuevos Modelos de Negocio.<br \/>\n<\/em><em>La Implantaci\u00f3n de Iniciativas Innovadoras.<br \/>\n<\/em><em>Formulaci\u00f3n de nuevas posiciones estrat\u00e9gicas.<br \/>\n<\/em><em>Identificaci\u00f3n de nuevas propuesta de valor.<br \/>\n<\/em><em>Dise\u00f1o de nuevos modelos de negocio.<br \/>\n<\/em><em>Presentaci\u00f3n de planes de ejecuci\u00f3n de iniciativas innovadoras.<\/em><\/p>\n<p style=\"padding-left: 60px; font-size: 14px;\">La estructura del programa puede modificarse en raz\u00f3n del n\u00famero de asistentes y las necesidades de la empresa.<\/p>\n<\/td>\n<\/tr>\n<tr>\n<td style=\"width: 100px;\" colspan=\"2\">\n<hr \/>\n<\/td>\n<\/tr>\n<tr>\n<td style=\"width: 100px;\" colspan=\"2\">\n<h3 style=\"padding-left: 30px;\"><span style=\"color: #9d1730;\"><strong>Indicadores de \u00e9xito:<\/strong><\/span><\/h3>\n<p style=\"padding-left: 60px; font-size: 14px;\">N\u00famero de iniciativas de innovaci\u00f3n estrat\u00e9gica desarrolladas por los participantes.<\/p>\n<\/td>\n<\/tr>\n<tr>\n<td style=\"width: 100px;\" colspan=\"2\">\n<hr \/>\n<\/td>\n<\/tr>\n<tr>\n<td style=\"width: 100px;\" colspan=\"2\">\n<h3 style=\"padding-left: 30px;\"><\/h3>\n<\/td>\n<\/tr>\n<tr>\n<td style=\"width: 100px;\"><\/td>\n<td><\/td>\n<\/tr>\n<tr>\n<td style=\"width: 100px;\"><\/td>\n<td><\/td>\n<\/tr>\n<\/tbody>\n<\/table>\n<p><span style=\"font-family: tahoma;\">\u00a0<\/span><\/p>\n<p style=\"text-align: justify;\">\n","protected":false},"excerpt":{"rendered":"<p>El programa de\u00a0Desarrollo de la Competencia de Innovaci\u00f3n Estrat\u00e9gica en la empresa\u00a0ha sido dise\u00f1ado por IMM Formaci\u00f3n y Business Learning<\/p>\n","protected":false},"author":1,"featured_media":0,"parent":0,"menu_order":0,"comment_status":"closed","ping_status":"open","template":"","meta":{"_uag_custom_page_level_css":"","_monsterinsights_skip_tracking":false,"_monsterinsights_sitenote_active":false,"_monsterinsights_sitenote_note":"","_monsterinsights_sitenote_category":0,"footnotes":""},"class_list":["post-6959","page","type-page","status-publish","hentry"],"aioseo_notices":[],"uagb_featured_image_src":{"full":false,"thumbnail":false,"medium":false,"medium_large":false,"large":false,"1536x1536":false,"2048x2048":false,"ample-featured-blog-large":false,"ample-featured-blog-small":false,"ample-portfolio-image":false,"sendpress-max":false,"woocommerce_thumbnail":false,"woocommerce_single":false,"woocommerce_gallery_thumbnail":false},"uagb_author_info":{"display_name":"IMM","author_link":"https:\/\/immformacion.com\/web\/author\/imm_admin\/"},"uagb_comment_info":0,"uagb_excerpt":"El programa de\u00a0Desarrollo de la Competencia de Innovaci\u00f3n Estrat\u00e9gica en la empresa\u00a0ha sido dise\u00f1ado por IMM Formaci\u00f3n y Business Learning","_links":{"self":[{"href":"https:\/\/immformacion.com\/web\/wp-json\/wp\/v2\/pages\/6959","targetHints":{"allow":["GET"]}}],"collection":[{"href":"https:\/\/immformacion.com\/web\/wp-json\/wp\/v2\/pages"}],"about":[{"href":"https:\/\/immformacion.com\/web\/wp-json\/wp\/v2\/types\/page"}],"author":[{"embeddable":true,"href":"https:\/\/immformacion.com\/web\/wp-json\/wp\/v2\/users\/1"}],"replies":[{"embeddable":true,"href":"https:\/\/immformacion.com\/web\/wp-json\/wp\/v2\/comments?post=6959"}],"version-history":[{"count":78,"href":"https:\/\/immformacion.com\/web\/wp-json\/wp\/v2\/pages\/6959\/revisions"}],"predecessor-version":[{"id":7097,"href":"https:\/\/immformacion.com\/web\/wp-json\/wp\/v2\/pages\/6959\/revisions\/7097"}],"wp:attachment":[{"href":"https:\/\/immformacion.com\/web\/wp-json\/wp\/v2\/media?parent=6959"}],"curies":[{"name":"wp","href":"https:\/\/api.w.org\/{rel}","templated":true}]}}