{"id":7892,"date":"2015-10-02T10:16:41","date_gmt":"2015-10-02T09:16:41","guid":{"rendered":"http:\/\/immformacion.com\/web\/?page_id=7892"},"modified":"2015-10-02T11:30:21","modified_gmt":"2015-10-02T10:30:21","slug":"que-es-el-cap","status":"publish","type":"page","link":"https:\/\/immformacion.com\/web\/que-es-el-cap\/","title":{"rendered":"\u00bfQu\u00e9 es el CAP?"},"content":{"rendered":"<p style=\"text-align: justify;\">\n<p style=\"text-align: justify;\">\n<p style=\"text-align: justify;\">\n<p style=\"text-align: justify;\">En esta secci\u00f3n se va a explicar de una forma sencilla y clara en que consiste el<strong> <span style=\"color: #346094;\">CAP<\/span><\/strong> y los conceptos m\u00e1s importantes que hay que conocer. Para entender porque ha surgido el <strong><span style=\"color: #346094;\">CAP<\/span><\/strong> hay que saber que la primera vez que se habla de formaci\u00f3n inicial y continua para los conductores profesionales fue en la Directiva 2003\/59 del Parlamento Europeo en julio de 2003. Esta directiva obliga a los pa\u00edses miembros a tener implantado el sistema de <strong><span style=\"color: #346094;\">Certificado de Aptitud Profesional<\/span><\/strong> antes del 2010. En muchos pa\u00edses el <strong><span style=\"color: #346094;\">CAP<\/span><\/strong> lleva implantado varios a\u00f1os, pero en Espa\u00f1a se ha esperado al \u00faltimo momento para ponerlo en marcha.<\/p>\n<p style=\"text-align: justify;\">La implantaci\u00f3n en Espa\u00f1a se realiza a trav\u00e9s del Real Decreto 1032\/2007 de 20 de julio de 2007 donde se establecen dos fechas claves:<\/p>\n<ul style=\"text-align: justify;\">\n<li>11 de septiembre de 2008 \u2013 Entrada en vigor del CAP para los conductores de transporte de viajeros (Autob\u00fas)<\/li>\n<li>11 de septiembre de 2009 \u2013 Entrada en vigor del CAP para los conductores de transporte de mercanc\u00edas (Cami\u00f3n y Trailer)<\/li>\n<\/ul>\n<p style=\"text-align: justify;\"><span style=\"line-height: 1.5;\">Lo m\u00e1s importante que se tiene que saber del<strong><span style=\"color: #346094;\"> CAP<\/span><\/strong> es lo siguiente: Desde las fechas indicadas con anterioridad ya no basta con disponer del permiso de conducci\u00f3n expedido por la Direcci\u00f3n General de Tr\u00e1fico, adem\u00e1s se deber\u00e1 <strong><span style=\"color: #346094;\">disponer del CAP<\/span><\/strong> (Certificado de Aptitud Profesional) para poder c<br \/>\nircular legalmente. El <strong><span style=\"color: #346094;\">CAP lo expide el Ministerio de Fomento<\/span><\/strong> a trav\u00e9s de las Conserjer\u00edas de Transporte de las Comunidades Aut\u00f3nomas ya que tienen transferidas las transferencias. Por lo tanto el CAP <strong><span style=\"color: #346094;\">es independiente del Permiso de Conducci\u00f3n<\/span><\/strong>. Tal es as\u00ed que una persona puede obtener el CAP sin disponer de ning\u00fan carnet de conducir.<\/span><\/p>\n<p style=\"text-align: justify;\">Para hacer una implantaci\u00f3n del CAP gradual se decidi\u00f3 que primero afectar\u00e1 a los <strong><span style=\"color: #346094;\">conductores de autob\u00fas<\/span><\/strong> ya que son una quinta parte respecto al n\u00famero de conductores de transporte de mercanc\u00edas, y esto ha permitido a todos (Organismos oficiales, Centros de Formaci\u00f3n y Alumnos) adaptarnos poco a poco a las normas del real decreto que lo regula.<\/p>\n<p style=\"text-align: justify;\">Europa ha obligado a <strong><span style=\"color: #346094;\">implantar el CAP<\/span><\/strong> en todos sus pa\u00edses miembros con el fin de profesionalizar el oficio de conductor, ya que hasta ahora \u201ccualquiera\u201d pod\u00eda ser conductor profesional sin tener la formaci\u00f3n adecuada. La<strong><span style=\"color: #346094;\"> obtenci\u00f3n del permiso de conducir para autob\u00fas o cami\u00f3n<\/span><\/strong>, seg\u00fan las exigencias actuales, s\u00f3lo certifica que una persona sabe manejar m\u00e1s o menos un veh\u00edculo y que conoce las normas b\u00e1sicas de circulaci\u00f3n. Pero ser un buen Conductor Profesional requiere otros muchos conocimientos y por ello surge el <strong><span style=\"color: #346094;\">CAP<\/span><\/strong>.<\/p>\n<p>&nbsp;<\/p>\n<h6 id=\"justifytextbox\" class=\"expresscurate_justify_text_box\" style=\"text-align: center;\">\u00a0Si tienes dudas sobre el CAP haz <a href=\"http:\/\/immformacion.com\/web\/?page_id=7899\"><strong>click aqu\u00ed.<\/strong><\/a><\/h6>\n<p>&nbsp;<\/p>\n<p><a href=\"http:\/\/immformacion.com\/web\/?page_id=7362\"><img decoding=\"async\" class=\"wp-image-3779 alignright\" src=\"http:\/\/immformacion.com\/web\/wp-content\/uploads\/2013\/06\/Volver-azul.png\" alt=\"Volver azul\" width=\"137\" height=\"53\" \/><\/a><br \/>\n&nbsp;<br \/>\n&nbsp;<br \/>\n&nbsp;<\/p>\n","protected":false},"excerpt":{"rendered":"<p>En esta secci\u00f3n se va a explicar de una forma sencilla y clara en que consiste el CAP y los<\/p>\n","protected":false},"author":1,"featured_media":0,"parent":0,"menu_order":0,"comment_status":"closed","ping_status":"closed","template":"","meta":{"_uag_custom_page_level_css":"","_monsterinsights_skip_tracking":false,"_monsterinsights_sitenote_active":false,"_monsterinsights_sitenote_note":"","_monsterinsights_sitenote_category":0,"footnotes":""},"class_list":["post-7892","page","type-page","status-publish","hentry"],"aioseo_notices":[],"uagb_featured_image_src":{"full":false,"thumbnail":false,"medium":false,"medium_large":false,"large":false,"1536x1536":false,"2048x2048":false,"ample-featured-blog-large":false,"ample-featured-blog-small":false,"ample-portfolio-image":false,"sendpress-max":false,"woocommerce_thumbnail":false,"woocommerce_single":false,"woocommerce_gallery_thumbnail":false},"uagb_author_info":{"display_name":"IMM","author_link":"https:\/\/immformacion.com\/web\/author\/imm_admin\/"},"uagb_comment_info":0,"uagb_excerpt":"En esta secci\u00f3n se va a explicar de una forma sencilla y clara en que consiste el CAP y los","_links":{"self":[{"href":"https:\/\/immformacion.com\/web\/wp-json\/wp\/v2\/pages\/7892","targetHints":{"allow":["GET"]}}],"collection":[{"href":"https:\/\/immformacion.com\/web\/wp-json\/wp\/v2\/pages"}],"about":[{"href":"https:\/\/immformacion.com\/web\/wp-json\/wp\/v2\/types\/page"}],"author":[{"embeddable":true,"href":"https:\/\/immformacion.com\/web\/wp-json\/wp\/v2\/users\/1"}],"replies":[{"embeddable":true,"href":"https:\/\/immformacion.com\/web\/wp-json\/wp\/v2\/comments?post=7892"}],"version-history":[{"count":11,"href":"https:\/\/immformacion.com\/web\/wp-json\/wp\/v2\/pages\/7892\/revisions"}],"predecessor-version":[{"id":7923,"href":"https:\/\/immformacion.com\/web\/wp-json\/wp\/v2\/pages\/7892\/revisions\/7923"}],"wp:attachment":[{"href":"https:\/\/immformacion.com\/web\/wp-json\/wp\/v2\/media?parent=7892"}],"curies":[{"name":"wp","href":"https:\/\/api.w.org\/{rel}","templated":true}]}}